 (14 + -7) - -3.
-4
What is (7 - (20 + -3)) + 2 + 0?
-8
Calculate -4 - (-6 - (4 + -7 + 3)).
2
Evaluate -12 - (4 + 6 - 22).
0
Calculate -5 + (3 - 1) - -5.
2
Calculate -1 - -2 - (-38 - -38).
1
Evaluate 9 + -1 - (-6 - -11).
3
What is the value of (2 - -12) + -7 - (0 + -2)?
9
What is (-2 + 4 - 5) + 8 + -2?
3
Calculate -3 + 1 + 1 - 4.
-5
What is the value of (6 - 5) + -1 + -2 + -1?
-3
What is the value of -1 - (-11 + 7) - 4?
-1
What is -6 + (3 + 0 - 3 - -2)?
-4
Calculate -13 + 20 + 3 + -6.
4
Evaluate 5 - (-1 - -4 - (-2 + 5)).
5
Evaluate (-4 - -1) + (4 - 0).
1
What is (-6 - -3) + 0 - 1?
-4
3 + -6 - (4 - (1 - -4))
-2
What is the value of (-7 - -2) + (1 - -1) - 2?
-5
What is the value of -2 + 2 - (-6 + 3)?
3
Evaluate (-13 + (1 - -6) - -13) + -16.
-9
What is the value of 1 - 0 - (79 + -73)?
-5
Evaluate -6 - (-3 - (2 - 4)).
-5
What is the value of -13 + -1 - -12 - (-7 - -1)?
4
What is the value of 0 - ((-2 - 2) + (-13 - -11))?
6
(-19 - -11) + -12 + 11
-9
What is the value of (2 - 4) + 4 + 3?
5
Calculate 1 - 0 - (-9 - (5 - 6)).
9
What is 13 + (-2 - 0) - 0?
11
-1 + 3 + -6 - -6 - -5
7
Calculate 5 - (-3 - -2 - 0).
6
What is -14 + (3 - -5) - -5?
-1
(0 - (2 - 4)) + -3
-1
Calculate -3 + 0 + (0 + -2 - -5).
0
Calculate (-1 - 3) + (9 - 6).
-1
Evaluate 38 - 41 - (-4 + 0) - -3.
4
What is (4 - 15) + 2 - (2 + -9)?
-2
What is the value of (-55 - -51) + 0 + (-2 - -3)?
-3
Calculate 4 + 0 + (5 - 6) + -1.
2
Calculate 0 - (5 - -1) - (-4 + 1).
-3
Evaluate 1 + 4 + (5 - (14 - 7)).
3
Calculate (-6 - 8) + 5 + 2.
-7
What is (-2 - -5) + (4 - (1 - -4))?
2
What is the value of -11 - 0 - (52 - 64)?
1
What is -3 + (3 - (-10 + 10))?
0
What is (-2 - (-3 + -2)) + -4?
-1
What is 6 - (3 - -1 - 2)?
4
What is 1 + 3 - ((14 - 27) + 23)?
-6
0 + -1 + 22 + -19
2
Evaluate 5 + (-5 - -1 - -1) + -2.
0
Evaluate -3 - -3 - 3 - (-2 - 1).
0
(18 - 11 - 14) + 12
5
What is -8 + 10 + 0 + -1?
1
Evaluate 2 + (-1 - -3) + -5 + 0.
-1
Evaluate -2 + (-4 - (-9 - 5)).
8
Evaluate (8 - 2 - -5 - 7) + -3.
1
Calculate -3 - 0 - (-2 - 6 - 1).
6
Evaluate 7 + -5 + -1 + -6.
-5
Calculate -5 - (1 + -8 + 0 - -3).
-1
What is the value of 4 - -1 - ((-9 - -18) + -4)?
0
Evaluate (-137 - -145) + (-1 - -1 - 2).
6
What is (16 - (6 + 1)) + -8?
1
What is the value of 0 + (-3 + 2 - 2)?
-3
Calculate 17 - 13 - (5 + -1) - -2.
2
2 + (14 - 1) + -5
10
Calculate 20 + 9 + -9 + -11.
9
1 + -12 - (43 - 50)
-4
Calculate 8 + (-3 - 4) + -9.
-8
What is 32 - 26 - (1 + 1 + 0)?
4
(-2 + 12 + -5 - 1) + -3
1
(-1 + 8 - 10) + 1 + 3
1
What is the value of (-6 - (-9 + -4)) + -3?
4
2 + (4 - (13 - 5))
-2
What is (54 - 56) + 1 + -3?
-4
Calculate 4 - 1 - (-1 - (1 - 10)).
-5
Calculate -7 + 4 - -2 - -3.
2
6 - (-1 - -8 - (12 - 10))
1
What is 5 + -14 + 4 + (-2 - -10)?
3
8 - 3 - (3 + -1) - -1
4
Calculate -1 + (0 - 5) + 1.
-5
Evaluate 4 + (6 - (0 - -5)).
5
Calculate -13 - (-20 + (0 - -13)).
-6
2 + -2 + (1 - 1 - 1)
-1
10 + -9 + -1 + (-1 - -5)
4
What is the value of 1 + -4 + 4 + -2 + -3?
-4
Calculate 5 - 3 - (-1 + -4).
7
-2 - (-13 - (-7 + -2))
2
What is the value of (-1 - -4 - 1) + -1?
1
4 - (-1 + 5 + -4)
4
Evaluate 4 + -4 + 0 + -4.
-4
Evaluate -13 + 7 + (1 - -1).
-4
Evaluate 2 + 10 + 0 + (-26 - -20).
6
What is the value of -4 - (1 - (2 - -3))?
0
What is the value of 1 + -6 - (14 + (-7 - 16))?
4
-2 - ((-4 - -3) + (1 - 3))
1
Evaluate 1 + (-1 - (2 + 6 + -9)).
1
What is the value of -2 - -4 - 0 - -1 - 1?
2
-3 + 13 + (3 - 4) + -6
3
Evaluate -5 + 1 + -1 + -1 + 4.
-2
Evaluate (-15 - -2) + 5 + 8.
0
(3 - 1) + (8 - 8) - 3
-1
What is -6 + (-1 - 9) + 8?
-8
What is the value of -3 + 6 + 1 + 0 + 1?
5
Calculate -32 + 31 + (0 - 6).
-7
23 + -37 - (-5 + -6)
-3
Evaluate 2 + -1 + (2 - -1).
4
Calculate 6 + 5 + (-8 - 2).
1
What is (9 - 13) + (6 - 4) + 0?
-2
Evaluate 3 - (-2 + -1 + 5).
1
What is the value of 2 + 0 + -1 + 5 + -3?
3
Evaluate (35 - 26) + (1 - 5) - -1.
6
2 + (4 - (2 + 4)) + 3
3
Calculate -4 + (3 - (5 - -2)) - -7.
-1
Evaluate -4 - (-2 + 0 - 1).
-1
2 - ((-2 - -4) + (-3 - -5))
-2
What is (-5 - -1) + (-4 - -7 - -5)?
4
Calculate -17 - (0 + -8) - -8.
-1
-2 + (0 - -2) + 1 + -5
-4
What is -7 + (-3 - -10) + -2?
-2
What is 18 + -14 + -1 + 1 + -5?
-1
-13 - (4 + -9) - -11
3
Calculate 6 + 2 - (42 - 32) - -2.
0
-8 - ((-3 - -2) + -2)
-5
Evaluate (9 - -1) + 10 + -17.
3
What is the value of -2 - ((1 - 2) + -3 - 4)?
6
9 + -12 + 8 + (0 - 7)
-2
What is the value of (-17 - (7 - 12)) + 7?
-5
What is -16 - (1 - (6 - -5))?
-6
Calculate -4 + -3 + 10 - -2 - 4.
1
What is (7 - 3) + -2 - (-2 + -2)?
6
(8 - (-1 + 2)) + (5 - 8)
4
4 + 0 + 10 + -12
2
Evaluate (28 - 21) + -3 + 1 + -8.
-3
Evaluate -6 - -10 - 6 - (0 + -1).
-1
What is the value of 0 + (-1 - (-10 + 5))?
4
Evaluate 1 + (-3 - -10 - 9).
-1
Calculate 1 + -8 - (-4 + -2 + 3).
-4
Evaluate -5 - (4 - (1 - (5 - 4))).
-9
(-11 - -4 - -9) + 4
6
Calculate (2 - -3 - 11) + -1.
-7
-7 + (-7 - -13) - 0
-1
Evaluate -3 - -6 - (-2 + 9) - -4.
0
Evaluate -1 + -6 + 0 + (418 - 409).
2
Evaluate (5 - -1) + (8 - 11).
3
(4 + -14 - -7) + 1 + 2
0
Calculate -2 - (3 + -1) - 1.
-5
What is -2 - (-4 - (6 + -2))?
6
Evaluate 4 + 0 + (-1 - (0 + -1)).
4
Evaluate 0 - (0 - (-3 - -6)).
3
Evaluate (5 - 9) + 9 + -6.
-1
What is the value of (-29 - -24) + 0 + 1?
-4
(4 - -2) + -9 + 2
-1
Evaluate -2 + (-3 - -2) + -2 + 7.
2
What is the value of (9 - 13 - 4) + 1 + 0?
-7
4 - (-1 + (2 - 3 - -3))
3
What is the value of (-10 - (-5 - 2)) + -2 + 7?
2
-6 - -7 - (0 + -1 - 2)
4
Calculate 3 + -1 + (9 - (6 + -1)).
6
Calculate 1 - (-3 + 7 + 4).
-7
Calculate -7 - (2 - 4) - (-2 - -2).
-5
What is -5 + (0 - -3) - (0 + -1)?
-1
What is the value of 0 - ((0 - -6) + -3)?
-3
What is the value of -3 + -1 + 2 + -1 + 2?
-1
What is 3 + (0 - (0 + -1)) + -1?
3
What is -6 + -1 + (-1 - -4)?
-4
Calculate 22 + 1 + -4 - 12.
7
6 + (-5 - -4) - -1
6
Evaluate -1 + (-3 - -4) + 0 + -2.
-2
What is -8 + 6 + 1 + -4?
-5
Evaluate (-4 - (-9 + 0)) + 0.
5
Evaluate (0 - 4) + (-35 - -39).
0
Evaluate -1 + 2 + -10 + (-27 - -30).
-6
-12 - (8 - 16) - 6
-10
What is the value of -4 - (2 + -1 + -5)?
0
What is 3 + -3 + (5 - 3) - 7?
-5
(2 - 3) + (2 - 6)
-5
Calculate -6 + 15 + 2 + -1.
10
What is the value of 1 - (4 + (-6 - -4)) - -8?
7
What is (4 + -3 - 1) + -5 + 7?
2
Calculate 12 + -3 + (-4 - (5 - 4)).
4
6 + -8 - (2 + -2)
-2
Evaluate -12 + 10 + 9 + -5.
2
What is the value of 1 + (-8 - (8 + -17))?
2
What is 24 + -26 + (2 - 1)?
-1
What is the value of -9 + 2 + 10 + -2?
1
What is the value of 8 - (6 + -4 - -4)?
2
-1 - (0 - (4 - 4))
-1
Evaluate 5 + -5 - (-6 - 2).
8
What is 7 - (3 + (-2 - 5) - -7)?
4
What is the value of 2 - (0 + -7 + 11) - -11?
9
What is the value of 1 + (1 - 11) - (123 + -127)?
-5
Evaluate 3 + -9 + -2 + 6 + -1.
-3
Evaluate -9 - (-15 + 11) - -2.
-3
-1 + 0 + (-6 - -4) - 2
-5
What is the value of -11 + -3 - (-12 - 3)?
1
Calculate (7 - (4 - 4)) + 2 + -6.
3
Evaluate -7 - (10 + -9 + -1).
-7
What is the value of (-12 + 8 - 0) + 8?
4
Evaluate 9 + (0 - 5) + -6.
-2
Calculate -2 + (-2 - -4) + 4.
4
What is 11 + -6 + -4 - -1 - 8?
-6
Evaluate -11 + 3 + 4 - -4.
0
Evaluate (3 + -2 - (1 - 2)) + -4.
-2
1 + (-4 - (4 + -10) - 0)
3
What is (4 - (8 - 2)) + -5?
-7
What is the value of (4 - -4) + -7 + -8?
-7
-2 - -5 - (5 + -1 + 0)
-1
What is the value of (7 - -1 - -3) + -18?
-7
What is the value of (-1 + -3 + 2 - -2) + 0?
0
Evaluate -1 + (2 - -2) + -33 + 31.
1
(5 - 5) + -1 + -2 - 0
-3
What is (-9 - -9) + (-2 - -1 - 1)?
-2
-5 + -1 + 33 + -26
1
What is the value of -1 + -4 + 1 + 3?
-1
What is the value of 1 + -3 + 3 + -5?
-4
What is the value of -144 + 143 + (0 - -11)?
10
1 + -2 - (1 + -4)
2
Calculate -1 + 9 + -4 - 9.
-5
What is -14 - (-5 + -12 - -10)?
-7
Evaluate 24 + -29 - (-1 - -1).
-5
Evaluate 0 - -3 - (-2 - (2 - 2)).
5
(2 - -3) + (-47 - -46)
4
Evaluate -6 - (-2 + -4) - (0 + -3).
3
What is the value of 10 - (2 + -5 + 8)?
5
What is the value of -1 - ((2 - -3) + -3)?
-3
Calculate -1 - (-2 - (-3 + 0) - 2).
0
What is (-31 - -22) + -1 + 3?
-7
What is 4 + 10 + 2 + -14?
2
What is the value of -6 - 0 - (5 + -4 + -2)?
-5
Evaluate 5 - 1 - (-7 - -12) - 9.
-10
Calculate 0 - -6 - (8 - 5).
3
What is -7 + 5 + (1 - -1)?
0
What is (4 - (-2 + 4) - 5) + -2?
-5
Calculate (-2 - 4) + (-6 - (-2 + -8)).
-2
What is 2 + (-3 - ((-5 - -2) + 2))?
0
What is the value of 17 - (4 - -8) - 15?
-10
Calculate (-10 - (-6 - -2)) + (0 - -7).
1
Calculate 35 + -41 - (-5 - 1).
0
2 - ((-5 - -3) + 7 + -3)
0
W